{"id":1374,"date":"2015-05-30T13:10:15","date_gmt":"2015-05-30T13:10:15","guid":{"rendered":"http:\/\/rhbblog.sven-bobrowski.de\/?page_id=1374"},"modified":"2018-01-12T09:49:23","modified_gmt":"2018-01-12T09:49:23","slug":"ueber-mich","status":"publish","type":"page","link":"https:\/\/www.rhb-blog.de\/?page_id=1374","title":{"rendered":"\u00dcber mich"},"content":{"rendered":"<p>Mein Name ist Sven Bobrowski, aber meine\u00a0Freunde d\u00fcrfen\u00a0mich auch <strong>Bobo<\/strong> nennen. Aber bitte kein DJ davorh\u00e4ngen, das ist eine Beleidigung!<\/p>\n<h2>Der Anfang<\/h2>\n<p>Geboren bin ich in <a class=\"inText\" href=\"http:\/\/www.artern.de\">Artern<\/a>. F\u00fcr diejenigen, die nicht wissen wo das ist (oh man, was f\u00fcr eine Bildungsl\u00fccke), Artern ist eine Kleinstadt im n\u00f6rdlichen Teil von Th\u00fcringen.<br \/>\nJawohl, das ist im Osten unserer Republik (\u00e4h, in den neuen Bundesl\u00e4ndern). Artern war fr\u00fcher eine\u00a0<em>bl\u00fchende<\/em> Stadt in der ehemaligen <a class=\"inText\" href=\"http:\/\/de.wikipedia.org\/wiki\/Deutsche_Demokratische_Republik\">DDR<\/a> (und Kreisstadt), doch nach der Wende ist die Region eher f\u00fcr andere Rekorde bekannt.<br \/>\nWir f\u00fchren zwar eine Statistik an, doch leider ist das die Liste der Regionen mit der h\u00f6chsten Arbeitslosenquote. Die Dunkelzahlen d\u00fcrften aber eher noch gr\u00f6\u00dfer sein, denn es gibt eine Menge Langzeitarbeitslose, neudeutsch auch Hartz IV Empf\u00e4nger genannt.<br \/>\nDurch die leeren Stadtkassen verf\u00e4llt der Ort auch immer weiter und selbst eine (zugegebenerwei\u00dfe schlechte) Fernsehsendung im MDR konnte da nichts mehr retten. Schade, schlie\u00dflich h\u00e4ngen doch auch etliche sch\u00f6ne Erinnerungen an diesem Ort.<\/p>\n<h2>Aufwachsen<\/h2>\n<p>Aufgewachsen bin ich im <a class=\"inText\" href=\"http:\/\/de.wikipedia.org\/wiki\/Sozialismus\">Sozialismus<\/a>. Bis zum 16. Lebensjahr war ich ein allzeit bereiter Jungpionier, strammer und braver Jugendlicher (<a class=\"inText\" href=\"http:\/\/de.wikipedia.org\/wiki\/FDJ\">FDJ<\/a>) und sehr freundschaftlich verbunden mit unseren gro\u00dfen sozialistischen Bruder, der ehemaligen Sowjetunion (korrekt wohl eher UdSSR).<\/p>\n<p>Hehe, mal ehrlich, h\u00f6rt sich verdammt bl\u00f6d an oder?<\/p>\n<p>Ganz so simpel war das nat\u00fcrlich nicht, sondern einfach Alltag in der DDR. Wo sich Jugendlich heute lieber beim McDoof treffen oder an Tankstellen abh\u00e4ngen, haben wir lieber die Wochenend Diskos auf dem Land gest\u00fcrmt oder im Jugendzentrum Bier getrunken.<br \/>\nSo schlecht war das nicht, aber wir sind wohl inzwischen (fast) alle froh, das dies vorbei ist.<\/p>\n<h2>Nach der Wende<\/h2>\n<p>Die Wendezeit verbrachte ich dann in einem St\u00e4dtchen namens Halle, wo ich als einer der letzten Jahrg\u00e4nge die <a class=\"inText\" href=\"http:\/\/de.wikipedia.org\/wiki\/Arbeiter-_und_Bauern-Fakult%C3%A4t\">ABF<\/a> besuchen durfte. Vergleichbar eigentlich nur mir einer Spezialschule. Dort habe ich vor allem Russisch (b\u00e4h) und Biologie studiert.<br \/>\nKurz vor unserem Abschlu\u00df nach 2 Jahren allerdings mussten wir erst unserer neuen (schwarzen) Landesregierung mit diversen Demos n\u00e4herbringen, das ein Abitur auch f\u00fcr Spezies ganz nett w\u00e4re. Sonst w\u00e4ren die 24 Monate f\u00fcr den Ar&#8230; gewesen. Aber Gl\u00fcck gehabt, wir bekamen ein <em>normales<\/em>Abitur. Und dazu ein Urkunde, das der Abschluss am IVA (anderer Name f\u00fcr ABF) doch etwas besonderes ist.<br \/>\nLeider hat es mir nicht viel genutzt, ein Jahr Wartezeit (und mehr) auf einen Studienplatz waren mir zuviel und so ging es nach Ilmenau zum Informatik Studium. Naja, macht auch Spass als Langzeitstudent, letztendlich aber war es mir dann zu dumm und so arbeite ich jetzt als Software Entwickler in einem mittelst\u00e4ndigen Unternehmen hier in Ilmenau, macht auch Spass.\u00a0<del>Und vielleicht ergibt sich ja mal die Chance, das Studium zu beenden.<\/del><\/p>\n<h2>Neueres<\/h2>\n<p>Nach dem ich, ja ich stehe dazu, mein Studium geschmissen habe und einige Zeit eher wie der neueste Sozialfall in unserer ruhmreichen Republik zu enden drohte, machte ich N\u00e4gel mit K\u00f6pfen.<br \/>\nAus einem Hilfsarbeiter wurde ein angestellter Software-Entwickler, der inzwischen fast 15 Jahre Berufserfahrung zu bieten hat. Aus einer Studenten WG wurde ein schicke<del>s<\/del> <del>1,5 Zimmer Apartment<\/del> 3-Zimmer Wohnung in <a href=\"http:\/\/www.xn--sttzerbach-beb.de\/\" target=\"_blank\">St\u00fctzerbach<\/a> und neben Segeln und Musik wurde der Computer auch zum Hobby.<\/p>\n<p>Der gro\u00dfe <b>BOOM<\/b> trat so im Jahre 2009 in Gestalt einer reizenden Lady in mein Leben. Durch World of Warcraft schon fast fest verbunden, gaben meine Frau und ich uns am 20.08.2011 das <b>Ja<\/b>Wort!<br \/>\nNeben Ihr zog auch eine Katze namens Charlie in <del>die inzwischen zu kleine<\/del> Wohnung ein.<\/p>\n<h2>Eckdaten<\/h2>\n<ul class=\"inText\">\n<li>Geboren am 30.03.1974 in Sangerhausen (jetzt Sachsen-Anhalt)<\/li>\n<li>POS von 1980-1990 in Artern (10. Klasse)<\/li>\n<li>ABF\/IVA von 1990-1992 in Halle<\/li>\n<li>Studium von 1992 (Pause 1993 zwecks freiwilliger Freizeitgestaltung in der Bundeswehr) bis **<\/li>\n<li>199? &#8211; jetzt\u00a0Arbeit in Ilmenau als Software-Entwickler (Firma Nummer Zwei\u00a0inzwischen)<\/li>\n<li>Verheiratet mit Annica seit 20.08.2011<\/li>\n<\/ul>\n<h1><strong>Familie<\/strong><\/h1>\n<ul>\n<li><a href=\"http:\/\/orphielle.de\/\" target=\"_blank\">Foto Blog meiner Frau (sehenswert)<\/a><\/li>\n<\/ul>\n","protected":false},"excerpt":{"rendered":"<p>Mein Name ist Sven Bobrowski, aber meine\u00a0Freunde d\u00fcrfen\u00a0mich auch Bobo nennen. Aber bitte kein DJ davorh\u00e4ngen, das ist eine Beleidigung! Der Anfang Geboren bin ich in Artern. F\u00fcr diejenigen, die <span class=\"readmore\"><a href=\"https:\/\/www.rhb-blog.de\/?page_id=1374\">Weiterlesen\u00a0\u2026<\/a><\/span><\/p>\n","protected":false},"author":1,"featured_media":0,"parent":0,"menu_order":2,"comment_status":"open","ping_status":"open","template":"","meta":{"_crdt_document":"","jetpack_post_was_ever_published":false,"footnotes":""},"class_list":["post-1374","page","type-page","status-publish","hentry"],"jetpack_sharing_enabled":true,"jetpack_shortlink":"https:\/\/wp.me\/P7pPBj-ma","jetpack_likes_enabled":true,"_links":{"self":[{"href":"https:\/\/www.rhb-blog.de\/index.php?rest_route=\/wp\/v2\/pages\/1374","targetHints":{"allow":["GET"]}}],"collection":[{"href":"https:\/\/www.rhb-blog.de\/index.php?rest_route=\/wp\/v2\/pages"}],"about":[{"href":"https:\/\/www.rhb-blog.de\/index.php?rest_route=\/wp\/v2\/types\/page"}],"author":[{"embeddable":true,"href":"https:\/\/www.rhb-blog.de\/index.php?rest_route=\/wp\/v2\/users\/1"}],"replies":[{"embeddable":true,"href":"https:\/\/www.rhb-blog.de\/index.php?rest_route=%2Fwp%2Fv2%2Fcomments&post=1374"}],"version-history":[{"count":3,"href":"https:\/\/www.rhb-blog.de\/index.php?rest_route=\/wp\/v2\/pages\/1374\/revisions"}],"predecessor-version":[{"id":1580,"href":"https:\/\/www.rhb-blog.de\/index.php?rest_route=\/wp\/v2\/pages\/1374\/revisions\/1580"}],"wp:attachment":[{"href":"https:\/\/www.rhb-blog.de\/index.php?rest_route=%2Fwp%2Fv2%2Fmedia&parent=1374"}],"curies":[{"name":"wp","href":"https:\/\/api.w.org\/{rel}","templated":true}]}}